Let a(d) = d**3 - 14*d**2 + 11*d + 13. Let t = 370 + -357. What is a(t)?
-13
Let h = 2 - 2. Let x = h - 0. Let s(k) = -2 + 57*k**2 - 58*k**2 + 2 + 0. Calculate s(x).
0
Let k = 956 - 964. Let v(z) = -z**3 - 7*z**2 + 7*z + 3. Determine v(k).
11
Suppose 3*y - 52 = -4*p - 67, -2*p - 4*y = 0. Let v(u) = -u**3 - 5*u**2 + 4*u - 13. What is v(p)?
-1
Suppose 0*t = 5*t, -u + 5*t = -2. Let g(v) be the second derivative of -3/2*v**u - 1/12*v**4 + 7*v + 2/3*v**3 + 0. What is g(2)?
1
Let m(v) = -v. Let x(c) = -10*c + 1. Suppose 66 = -g + 4*g + 3*h, h = 0. Let d = -21 + g. Let j(o) = d*x(o) - 6*m(o). Determine j(-2).
9
Let o(d) be the third derivative of -d**4/24 + 4*d**3/3 - 3*d**2. Suppose 0 = n + 2*q - 12, 3*n + 8*q - 33 = 3*q. Determine o(n).
2
Let o(v) = -v**3 + v - 2*v + 0*v**2 + 5 - v**2. Let d be o(0). Suppose -8*w = -q - 4*w + 23, d*q + 3*w = 0. Let a(l) = l + 4. Give a(q).
7
Let x(l) = l**2 + 4*l. Suppose 2 = 5*i - c + 3, -4*i = -5*c + 5. Let q be i + 2 + -7 + 0. What is x(q)?
5
Let u(d) = -d - 7 - 8 - 5 + 14. Calculate u(-2).
-4
Let u(v) = 7*v**2. Let q be (3 - 2) + (-6)/3. Give u(q).
7
Let p(a) = a**2 - 11*a - 7. Let k = -112 - 7. Let s be 374/k*7/(-2). Determine p(s).
-7
Let b(q) = 3*q**2 + 1. Let u be b(1). Let w(o) be the first derivative of -1/4*o**4 + 3*o + 4/3*o**3 - 5 + 0*o**2. Determine w(u).
3
Let s(k) = -k**3 + 2*k**2 + 3*k + 2. Suppose -4*a + 3*p = -9, -3*p = -a - p + 1. Determine s(a).
2
Let n be (-1 - (-9)/5)/((-9)/45). Let m be 1/2 + (-22)/n. Let a(w) = 1 + w**2 - 2*w**2 + 5*w - 1. What is a(m)?
-6
Let n(f) = 11*f**3 - 16*f**2 + 4*f + 15. Let t(o) = 2*o**3 - o**2 + o + 1. Let j(y) = -n(y) + 5*t(y). Calculate j(11).
1
Let k(i) = -2*i**3 - 2*i + 2. Suppose 3*f = 5*p + 2, 5*f - 2*p = -5*p - 42. Let u be 1/((-18)/(-24)*(-4)/f). Determine k(u).
-18
Let x(b) be the second derivative of -b**4/3 - b**3/6 + b**2/2 + 2*b. Let o(z) = -9*z - 8. Let w be o(-2). Suppose w = -2*r + 12*r. Determine x(r).
-4
Let m(x) = x**3 - 5*x**2 + 2*x + 1. Suppose -p = 2*p - 12. Let i be (-2)/(10/(-45)) - p. Determine m(i).
11
Let s(u) = -2*u**2 + 5*u. Suppose 0 = -3*a - 8 - 4. Let l be a/(-7) - 120/(-35). Calculate s(l).
-12
Let r = 567 - 565. Let z(f) = -5*f + 3. Let m(v) = 8*v - 4. Let i(o) = 5*m(o) + 7*z(o). Calculate i(r).
11
Let q be (-17)/(2312/(-1104)) + 2/(-17). Let c(r) = 25*r - q*r - 9*r + 4 - 6*r. Determine c(5).
14
Let p(c) be the first derivative of -c**3/3 - 2*c**2 - 3*c + 134. Let j = -14 - -9. Calculate p(j).
-8
Suppose 0 = -6*y + 15 - 3. Let l(n) = -4 - n - n**y + 2 + 9*n - 5. Suppose -o + 3 - 4 = -4*g, 0 = -2*o + 5*g + 4. What is l(o)?
0
Let l be (-4)/(-12) + 8/3. Let w(c) = -2*c**l - 11 - 17 + 26 + 4*c**2 - c. Determine w(2).
-4
Suppose -25 = -4*l - 2*d - 9, 0 = 5*l - 3*d - 9. Let w(y) = y - 1. Let p be w(l). Let c(t) = -3 + 2 + p - 3*t + t - 2*t**2. Calculate c(1).
-3
Suppose 30 = -3*u - 12*r + 9*r, -2*u = -5*r - 8. Let h(c) = c**3 + 5*c**2 - 8*c + 1. Calculate h(u).
13
Suppose 4*o - 5*a = 12, -5*o + 2*a + 0 = -15. Suppose -2*c + c + 13 = 5*x, -o*x = -3*c - 15. Let z(h) = -h**2 - 8 + 2*h + x - 1 + 4*h. Calculate z(4).
2
Let m(t) = 3*t**2 + 12*t - 2*t**2 + 3 - 6*t - 10*t + 0*t**2. Let d(b) = b**3 + 8*b**2 - 9*b + 2. Let r be d(-9). Determine m(r).
-1
Let k(l) = 8*l**3 - 4*l**2 + 8*l + 1. Let i(v) = 17*v**3 - 9*v**2 + 19*v + 3. Let t(g) = 2*i(g) - 5*k(g). Calculate t(1).
-5
Let g(a) = 11*a - 147*a**2 + 80*a**2 + 10 + 68*a**2. What is g(-7)?
-18
Let h = -3 - 0. Let v(z) = -2*z**2 + 2*z - 1. Let f(i) = 1 - i - 23*i**2 - 3*i + 37*i**2 - 11*i**2. Let p(n) = h*f(n) - 5*v(n). What is p(-3)?
5
Let x(b) = -b**2 - 10*b + 10. Let w be x(-11). Let i be w/4 - 17/(-4). Let v = 4 - i. Let d(u) = -u - 8. Give d(v).
-8
Let h = 68 - 68. Suppose h = 7*y - 10 + 59. Let k(w) = 3 - 1 + 7*w**2 + 5 + w**3 + w. Calculate k(y).
0
Let v(h) = h. Let l(w) = -w**3 + 3*w**2 + 9*w - 2. Suppose -2 = -j + 5*t - 1, 5*t = -j + 1. Let k be (j/(-2))/(10/20). Let r(u) = k*l(u) + 4*v(u). What is r(4)?
-2
Let l(q) = 11*q + 14. Let w(f) = -5*f - 7. Let d(s) = -6*l(s) - 13*w(s). Determine d(3).
4
Let b(j) = j**3 - 14*j**2 + j - 12. Let p be b(14). Let w(s) = 2*s + 11*s**p - 3*s**2 - 9*s**2. Let a be (6 + -3)/(1 - 0). Determine w(a).
-3
Let w be (-1 - -6) + -1 + 1. Let a be -2 - (-2)/((-1)/(-1)) - -1. Let q(z) = 7*z - 6*z + a - 2*z. Give q(w).
-4
Let d(h) = h**3 + 7*h**2 + 6*h - 1. Let k be d(-6). Let a be (3 - 1) + 2 + k. Let s(n) = n**2 + 0*n**2 + 3*n**2 + 5 - 7*n + a*n**2 - n**3. Calculate s(6).
-1
Let m(j) = -22*j + 7. Let u(x) = -16*x + 6. Let n(o) = 2*m(o) - 3*u(o). Give n(1).
0
Let d(q) be the third derivative of -q**5/120 - q**4/8 - q**3/6 + 3*q**2. Let l(z) be the first derivative of d(z). Determine l(7).
-10
Let f(g) be the third derivative of -g**7/60 - g**6/180 + g**5/60 - g**4/24 + g**3/2 + 8*g**2. Let n(k) be the first derivative of f(k). Determine n(1).
-15
Let o(p) be the third derivative of p**4/12 + p**3 - 59*p**2 - 3. Determine o(0).
6
Let j(q) = 21*q**3 + 28 - 9*q**2 - 22*q**3 - 4*q - 26. Determine j(-8).
-30
Let r(c) = c - 2. Let i(d) = -d**2 - 6*d + 7. Let j be i(-6). Suppose 48*f + 12 = 47*f - y, y - 23 = 4*f. Let h = f + j. Give r(h).
-2
Let q(y) = y**2 - 3*y - 3. Let r be q(3). Suppose -72*c + 75*c = 0. Let p be (c - (-3 - r))/(-3). Let w(m) = -m**3 - m**2 - m + 2. Determine w(p).
2
Suppose -p - 4*l - 25 = -l, 0 = -4*p + l - 48. Let g(x) = -x - 9. Let m be g(p). Let d(r) = -r**2 + 6*r - 7. Let q be d(m). Let t(k) = -k - 1. Determine t(q).
-2
Let l = 171 + -161. Let j(b) = -b**3 + 10*b**2 - 4*b + 3. Let n(w) = w**3 - 10*w**2 + 3*w - 2. Let x(t) = -3*j(t) - 4*n(t). What is x(l)?
-1
Let f be 7/2*(-54)/(-63). Suppose -2*i = -5*i - 2*y - 17, -f*y = 3. Let a(v) = v**3 + 4*v**2 - 4*v + 5. Determine a(i).
0
Let a(l) be the second derivative of -l**5/20 - l**4/3 + l**3 - 5*l**2/2 - 214*l. Calculate a(-5).
-10
Let i(p) be the first derivative of p**3/3 + 4*p**2 - 16*p - 4. Let s be i(-10). Let d(b) = -b**3 + 6*b**2 - 3*b - 5. Give d(s).
15
Let o(c) be the second derivative of 3/2*c**2 + 3*c - 8 + 2/3*c**3. Calculate o(3).
15
Let k(i) = 17*i**2 - i + 2 - 3 - 4 + 6. Let b(l) = -l**3 + 3*l**2 + 2*l - 5. Let x(h) = -h - 4. Let p be x(-7). Let w be b(p). Give k(w).
17
Let x(u) be the third derivative of -u**4/24 - u**3/3 - 293*u**2. Calculate x(-2).
0
Let t(k) = k**2 - 12*k - 10. Let b(z) = -13*z**3 + z**2 + 2*z + 1. Let r be b(-1). Give t(r).
3
Let v(k) = -8*k**2 + 1. Let q be v(-1). Let g(n) = -n - 6. What is g(q)?
1
Let k(b) = -10*b**3 + 5*b**2 + b + 1. Let x(r) = 22*r**3 - 11*r**2 - 3*r - 2. Let y(d) = 9*k(d) + 4*x(d). What is y(-2)?
27
Let d(t) = 11*t**3 + 10*t**2 + 8*t + 11. Let y(i) = -5*i**3 - 5*i**2 - 4*i - 5. Let b(r) = -4*d(r) - 9*y(r). Give b(-3).
7
Let m be 0*(-4 - (135/(-18) + 3)). Let j(b) = -b**2 + 5*b - 2. Let g be j(4). Let i(w) = 3*w**2 - w - w**g - 4 - w**2. What is i(m)?
-4
Suppose 16 = -3*c - x - 15, 6 = -c + 4*x. Let j(b) = 3*b**2 + 32*b - 28. Let z(s) = -s**2 - 11*s + 9. Let g(o) = 3*j(o) + 8*z(o). Calculate g(c).
8
Let z(a) = 14*a + 5. Let s(b) = -19*b - 7. Let t(y) = 3*s(y) + 4*z(y). Calculate t(0).
-1
Let z(b) = -b**3 - 3*b**2 + 2. Let a = -13 - -21. Suppose -5*g - a = -g. Let i be z(g). Let o(d) = -d - 2. Determine o(i).
0
Let i be (9/3)/(3/(-2)). Let w be ((-2)/i)/((-2)/(-10)). Let q(x) be the third derivative of -x**4/24 + 5*x**3/6 + 14*x**2. Give q(w).
0
Let g(c) = 3*c**2 - c - 7. Let z be -6 + (2 - (-11 + 4)). Determine g(z).
17
Let b(q) be the third derivative of q**5/60 + q**4/12 - 5*q**3/6 - 13*q**2. Let f be b(-4). Let c be (0 + f - -2)/1. Let o(m) = -2*m - 3. What is o(c)?
-13
Let f = -3973 + 3971. Let h(o) = -2*o - 13. Let v(j) = j + 7. Let d(a) = -6*h(a) - 11*v(a). Give d(f).
-1
Suppose 0 = -3*o - 159 + 180. Let n(g) = -g + 3. Give n(o).
-4
Let v(t) = -t**3 + 6*t**2 + 8*t - 6. Suppose 5*x - 10 = -5*k, -k = -5*k + 2*x + 20. Suppose 0 = -k*l - 20, 4*g = 2*l - 0*l + 38. What is v(g)?
1
Let q = -3150 - -3155. Let i(x) be the first derivative of x**2 - 4*x - 1. What is i(q)?
6
Let y = 16 + -11. Suppose -5*q = -6*d + 3*d - 18, y*q = 2*d + 17. Suppose 0 = -j - q*w + 9, -j + 3*w - 9 = j. Let f(i) = i + 1. Calculate f(j).
1
Let b(m) = -m - 2. Let h = -21 + 20. Let t be -58*h/6*-3. Let s = -31 - t. Give b(s).
0
Let m(d) = d**3 - 12*d**2 + 12*